 of x(h).
2, 5
Let p = 191 - 145. List the prime factors of p.
2, 23
Let i = -451 + 943. List the prime factors of i.
2, 3, 41
Let z(j) = -j + 21. Let u be z(12). Suppose u*a = 4*a + 90. List the prime factors of (-12 + 6)*a/(-4).
3
Let a(d) = d**3 - 9*d**2 + 6*d + 5. Let o be a(9). Suppose -o = -2*f + 3*f. Let z = 112 + f. What are the prime factors of z?
53
Let n = -1 + -2. List the prime factors of (-3)/n - (-21)/3.
2
List the prime factors of (13/(585/4176))/((-1)/(-5)).
2, 29
Let a(y) = 4*y**2 + 9*y - 6. List the prime factors of a(3).
3, 19
Let w = 36 + 63. Suppose 4*g - w = g. What are the prime factors of g?
3, 11
List the prime factors of (-26)/91 + (-1374)/(-7).
2, 7
Let q(o) = o**3 - 14*o**2 - o - 4. Let r be q(14). What are the prime factors of -195*2*3/r?
5, 13
Let q(w) = 6*w + 2. Let n be q(0). Suppose n*s = -7*s + 1260. List the prime factors of s.
2, 5, 7
Let f = 29 - 27. List the prime factors of (-2)/(-6)*(725 - f).
241
Let y(a) = a**3 + 13*a**2 + 3*a + 7. What are the prime factors of y(-9)?
2, 19
Suppose -4*h + 324 = -0*h. Suppose -218 - h = -3*x + 2*w, -3*w = 2*x - 195. What are the prime factors of x?
3, 11
Let o(y) = -y**2 + 14*y + 15. Let n be o(15). Suppose 4*q = -4*x + 136, n = -x - x - 3*q + 67. What are the prime factors of x?
5, 7
Let n = -40 - -42. Suppose -n*c + 6*c = 376. What are the prime factors of c?
2, 47
Let s(w) = -7*w**3 - 13*w**2 + 6*w - 13. Let x = 31 - 36. Let u(n) = -4*n**3 - 6*n**2 + 3*n - 6. Let f(c) = x*u(c) + 3*s(c). List the prime factors of f(-10).
61
Let o be ((-8)/(-12))/(3/9). Suppose 0 = -o*n + u + 8, -u - 7 = n + 4*u. What are the prime factors of (6/2)/(n/15)?
3, 5
Let z be ((-14)/7 - -1)*(1 - 231). Let d = z - 24. List the prime factors of d.
2, 103
Let d be (5 - 2)*3/1. Let s(o) = -o**2 + 11*o - 13. Let q be s(d). List the prime factors of 1 - 5/(q/(-22)).
23
Let y(w) = -w**3 + w**2 + 20*w + 19. What are the prime factors of y(-10)?
919
List the prime factors of ((-10408)/(-10))/((224/(-35))/(-16)).
2, 1301
Let n(t) be the third derivative of -t**6/120 + 13*t**5/60 - t**4/24 + t**3 - 4*t**2 + 3. List the prime factors of n(10).
2, 37
Let o = -3434 + 5330. List the prime factors of o.
2, 3, 79
Let z be -4*((-52)/8 - -1). Suppose -3*f + 73 = z. Suppose f = 4*q - 23. What are the prime factors of q?
2, 5
Suppose 0 = 5*m - 4*m - 2. Suppose -158 = 2*d - 6*d - 3*b, 0 = -5*d - m*b + 194. What are the prime factors of d?
2, 19
Suppose -5*a + 2*b = b + 41, b + 31 = -4*a. List the prime factors of (a/(-3))/(7/(1197/6)).
2, 19
Suppose 3*t + 5405 = 4*y, -3*t - 1352 = -y - 2*t. What are the prime factors of y?
19, 71
Let v = 3 + -3. Suppose -a - 1 + 70 = v. List the prime factors of a.
3, 23
Let k(x) = 14*x + 4. Let y be ((-6 - -4) + 1)*-1. What are the prime factors of k(y)?
2, 3
Suppose 27 = 5*k - o, -2*o - 2*o + 2 = 2*k. Suppose 8*t - k*t = 6. Suppose -12 = 2*y + 4*l, -t*l = -3*y + 2*l + 22. What are the prime factors of y?
2
Let v = 27 + -33. Let k(u) = u**3 + 7*u**2 - 7*u - 6. List the prime factors of k(v).
2, 3
Suppose 4*h = 4*p + 16, 0 = 13*p - 8*p - h + 24. Suppose -3*o = -5*b - 8, o + 3 = -o - 5*b. List the prime factors of (7 + p)/(o/11).
2, 11
Let f be ((-4)/((-24)/(-111)))/(2/(-8)). Suppose -4*y - 4*k + 72 = 0, 5*y + 4*k - 3*k = f. List the prime factors of y.
2, 7
Suppose -5*d = 5*w - 1575, 2*d - 927 = -d + 3*w. List the prime factors of d.
2, 3, 13
Let q = 2 - 2. Suppose -6 = -2*o - q. What are the prime factors of 3*(13/o - -3)?
2, 11
Let p = -243 - -150. Let n = p + 130. What are the prime factors of n?
37
Let r(t) = t**3 + 10*t**2 - t - 8. What are the prime factors of r(-5)?
2, 61
Let t(o) = 3*o**2 + 2*o - 7. Let f be t(-7). Suppose -5*l = -f - 64. Suppose -2*p = -0*p - l. List the prime factors of p.
19
Let t(p) = p**2 - 5*p + 2. Let m be t(5). Suppose -3*g + 4*o + 28 = g, -5*g = m*o. What are the prime factors of g?
2
Let g(c) = 4*c - 1. Suppose -l = -0*l - 2. Let m be g(l). Suppose -205 = -m*x + 2*x. List the prime factors of x.
41
Let o = 4536 + -1166. What are the prime factors of o?
2, 5, 337
Let f = -721 + 1913. What are the prime factors of f?
2, 149
Suppose 4*v = 835 + 749. List the prime factors of v.
2, 3, 11
Suppose 0*p + 42 = p. What are the prime factors of (-7 + 8)*(-1 + p)?
41
Suppose 4*l - l = 2*c + 1037, -5*l - 5*c = -1695. Suppose -340 = -2*j + 2*u, 5*u + l = 2*j - 0*u. What are the prime factors of j?
13
Suppose 0 = 3*m - 5*m - 138. Let i = 66 - 179. Let b = m - i. What are the prime factors of b?
2, 11
Let p = 2318 - 1874. List the prime factors of p.
2, 3, 37
Let t = -868 + 932. List the prime factors of t.
2
Suppose 15*t - 6975 = 6*t. What are the prime factors of t?
5, 31
Let p be (2*-3)/2 + 8. Suppose 0 = p*r + 5*v - 325, -3*r - 3*v = -2*r - 63. List the prime factors of r.
2, 3, 11
Let o(z) = -3*z**3 - 12*z**2 + 6*z - 4. Let i(j) = 3*j**3 + 12*j**2 - 6*j + 4. Let m(r) = 4*i(r) + 5*o(r). List the prime factors of m(-6).
2, 11
Let i = 2 - 1. Let x(u) = u**2 + 10*u + 13. Let z be x(-9). Suppose -46 = -3*f + z*w + i, -5*w + 90 = 5*f. List the prime factors of f.
17
Let l = -25 + 21. Let p be (28/8 + l)*2. What are the prime factors of 13 - 1/(p/(-4))?
3
Suppose c + 2 - 1 = -j, 0 = -4*j + c + 1. Suppose j = 2*y - 55 - 9. What are the prime factors of y?
2
Suppose -4*a - a = 10, 4*a = -3*h - 29. List the prime factors of ((-44)/h)/(14/49).
2, 11
Suppose 69 = 18*v - 237. List the prime factors of v.
17
Suppose 51*g - 49*g - 3184 = 0. List the prime factors of g.
2, 199
Let q = -15 + 21. Suppose q*w - 2*w = -8, -2*w = 3*z - 11. Suppose -n - 3*x = n - 39, -z*x = -4*n + 23. What are the prime factors of n?
2, 3
Let o(t) = 5*t - 30. Let z = -37 - -49. What are the prime factors of o(z)?
2, 3, 5
Let t = -165 - -303. List the prime factors of t.
2, 3, 23
What are the prime factors of 12*(-12 + 138) + 6 + 1?
7, 31
Let i = 64 + -66. What are the prime factors of (12/(-16))/(i/20)*2?
3, 5
Let p(c) = 15*c - 3 + 3*c**2 + 10*c - 46*c. What are the prime factors of p(9)?
3, 17
Let t be ((-99)/22)/((-2)/36). Let u = -278 + 398. Let y = u - t. List the prime factors of y.
3, 13
List the prime factors of 83263/159 + (2/(-3) - -1).
2, 131
Let c(t) = t**3 - t**2 + t - 2. Let k be c(2). Let x be -4 + -7 + k + 2. What are the prime factors of (-136)/(-10) - (-3)/x?
13
Suppose -3253 = -2*q - 5*b, -q - 3203 = -3*q + 5*b. List the prime factors of q.
2, 3, 269
Let x be (0 + -2)*(-6)/12. Suppose u + 0 = -q - x, 0 = -2*u + 3*q - 27. List the prime factors of 134/10 + u/15.
13
What are the prime factors of 6/(-39) - 456/39*-19?
2, 3, 37
Let h(y) = -y + 7. Let i be h(5). Suppose -i*a + 16 = 2*a. Suppose -a*r = 12 - 32. List the prime factors of r.
5
Suppose -5*o - 5 = -15. Let r be 25*(-3 + 5)/o. Suppose 0 = 5*y - r. List the prime factors of y.
5
Let d(s) = 9*s**2 + 3*s - 3. Let h be d(1). Let y = 7 + h. Suppose -4*i - y = -100. List the prime factors of i.
3, 7
Suppose 0 = -4*w - 3*f + 3508, 0 = w - 2*w - 5*f + 894. What are the prime factors of w?
2, 19, 23
Suppose -5*n + 2089 = -3*n + 3*l, 0 = -3*l - 15. List the prime factors of n.
2, 263
Suppose -3*g + 4*g = 4*r - 9661, 0 = 6*r + 2*g - 14502. What are the prime factors of r?
2, 151
Let b = -45 + 1994. What are the prime factors of b?
1949
Let j(c) = c**3 - 2*c**2 + c + 13. List the prime factors of j(6).
163
Let m(k) = -86*k - 19. What are the prime factors of m(-4)?
5, 13
Let x(i) = -i**3 + 2*i**2 + 5*i. Let j be x(-4). Suppose -5*f - 2*t = -184, 2*f - 2*t + 4*t = j. What are the prime factors of f?
2, 3
List the prime factors of ((-64)/20)/(6/(-165)).
2, 11
Let r(w) = -3 - 2*w - w + 4*w + 5. Let b be r(1). Suppose -b*s = 2*s - 65. What are the prime factors of s?
13
Let o be ((-26)/26)/(((-2)/(-1))/(-378)). Suppose 17 = 2*j - o. List the prime factors of j.
103
Let n(s) = -5*s + 15. Let u be n(5). Let k be u/(-3)*1044/30. Suppose 3*t = 4*a + a + k, 3*t - 4*a = 121. What are the prime factors of t?
47
Let l(j) = 0*j - 7 + 3*j + 0*j - j. Let i be l(6). Suppose 5*p + i*y - 85 = 0, -2*y + 3*y + 40 = 2*p. List the prime factors of p.
19
Suppose 0 = -0*a + 5*a - 30. List the prime factors of 25 + 6/(-2) + a.
2, 7
Let s = 1244 + -1177. What are the prime factors of s?
67
What are the prime factors of 7*2/2*(-13 + 74)?
7, 61
Suppose 